9329 a composite number?
False
Is 1625190607 composite?
True
Is 30736620641 composite?
False
Is 1446915383 a composite number?
False
Is 10963616009 a composite number?
False
Is 12808426517 prime?
True
Is 1968087423 a composite number?
True
Is 111910739 a composite number?
True
Is 82290229855 composite?
True
Is 32940192437 composite?
False
Is 9371141837 a prime number?
True
Is 1228314917 a prime number?
False
Is 37590941437 a composite number?
True
Is 79691643397 a composite number?
False
Is 3412013819 composite?
False
Is 106104512593 composite?
True
Is 2950445177 prime?
True
Is 519658651 a prime number?
True
Is 5592572243 prime?
False
Is 5214835645 composite?
True
Is 42716923 composite?
False
Is 48164309 prime?
False
Is 2820731813 composite?
False
Is 23672213927 composite?
True
Is 1012940519 a prime number?
True
Is 4793042323 a composite number?
False
Is 2700331541 composite?
False
Is 58265542043 composite?
True
Is 971571385 composite?
True
Is 988189703 a composite number?
True
Is 93150038167 prime?
False
Is 2198561879 a composite number?
False
Is 281996641 prime?
False
Is 67127717 a prime number?
False
Is 46494093943 prime?
False
Is 6446978843 prime?
False
Is 149789641 a prime number?
True
Is 6128269261 composite?
False
Is 32651416099 prime?
True
Is 127690154419 composite?
False
Is 6254190533 prime?
False
Is 1928474773 a prime number?
True
Is 383573947 composite?
False
Is 631155887 a composite number?
False
Is 2683137869 a composite number?
True
Is 51513525047 composite?
False
Is 5359900463 a composite number?
True
Is 4273494727 composite?
True
Is 8042582999 composite?
True
Is 658609307 a prime number?
True
Is 928027453 a composite number?
True
Is 158555981 prime?
False
Is 54960455749 a composite number?
False
Is 32093294581 composite?
True
Is 5738394187 a prime number?
False
Is 727639721 a prime number?
False
Is 5451342081 a composite number?
True
Is 23316279881 prime?
False
Is 62882054759 composite?
False
Is 4809594571 a composite number?
False
Is 1360416203 a prime number?
False
Is 347765387 composite?
False
Is 2235389801 a prime number?
False
Is 10779368609 a composite number?
True
Is 268316401 prime?
True
Is 7550881631 a prime number?
True
Is 743403691 prime?
True
Is 5445077507 prime?
True
Is 594583807 prime?
True
Is 1527855703 a prime number?
False
Is 258773929 a composite number?
False
Is 4251330283 a composite number?
True
Is 3681484406 a composite number?
True
Is 23616860551 a composite number?
True
Is 247882979437 a prime number?
True
Is 154266598 a prime number?
False
Is 136132593559 a composite number?
False
Is 12476198839 prime?
False
Is 3386704103 prime?
True
Is 25423379407 a prime number?
False
Is 120526209919 prime?
True
Is 12772845577 composite?
False
Is 623290469 a prime number?
False
Is 787668433 a prime number?
True
Is 588548929 prime?
True
Is 6761065627 a composite number?
False
Is 3223543987 a prime number?
True
Is 2285033183 a prime number?
True
Is 247661501 composite?
True
Is 2363080913 prime?
True
Is 1020639553 a composite number?
False
Is 11042223581 prime?
True
Is 910804823 composite?
True
Is 126580360897 a prime number?
False
Is 29212526155 a prime number?
False
Is 503395621 composite?
False
Is 23261227681 a prime number?
True
Is 513038077 a composite number?
False
Is 1508287001 composite?
True
Is 11585986669 a prime number?
False
Is 46495053977 a prime number?
True
Is 1584683791 composite?
False
Is 305186149659 composite?
True
Is 1625216349 a composite number?
True
Is 4651637759 a composite number?
False
Is 9852477017 prime?
True
Is 2771124523 a prime number?
False
Is 9322887271 a prime number?
True
Is 8349747919 composite?
True
Is 83007252179 a prime number?
True
Is 4235808767 a prime number?
False
Is 49655421931 a composite number?
True
Is 157006939 composite?
False
Is 2885774027 prime?
True
Is 276034043 a prime number?
False
Is 7166268023 composite?
False
Is 94838197 a prime number?
True
Is 107727106 a composite number?
True
Is 324467719 a composite number?
True
Is 42336293023 a composite number?
False
Is 1427186969 prime?
False
Is 651130267 prime?
False
Is 109337516069 composite?
False
Is 3153776519 prime?
True
Is 373310027 a prime number?
True
Is 22393934467 composite?
False
Is 3002985289 prime?
True
Is 8071319401 a composite number?
True
Is 75138403 prime?
True
Is 3231460959 prime?
False
Is 411443701 composite?
False
Is 317299903 prime?
False
Is 3332185921 composite?
True
Is 6684946419 a prime number?
False
Is 1799880047 composite?
True
Is 8477515078 prime?
False
Is 889182661 prime?
False
Is 1302437051 a prime number?
False
Is 13382050207 composite?
False
Is 1498553773 a prime number?
True
Is 299036831 composite?
False
Is 3414672733 composite?
False
Is 13438409 a prime number?
True
Is 68029307 prime?
True
Is 58362817879 a composite number?
True
Is 28089885719 a prime number?
False
Is 124998637339 composite?
False
Is 3391214851 a prime number?
True
Is 733043903 prime?
False
Is 476157113 a prime number?
True
Is 45770497571 prime?
False
Is 40537312351 a prime number?
False
Is 9548610883 a prime number?
False
Is 12364904767 composite?
False
Is 161920043 a prime number?
True
Is 4540845313 a prime number?
False
Is 1503215507 a prime number?
True
Is 2027721533 prime?
True
Is 4705951589 a prime number?
True
Is 188530079 prime?
True
Is 9483924013 a prime number?
True
Is 4865854183 a prime number?
False
Is 24545409377 a composite number?
False
Is 157272063031 a prime number?
False
Is 2290306789 a composite number?
False
Is 5734853843 composite?
False
Is 91218227 prime?
True
Is 9710928061 a composite number?
False
Is 716192963 a prime number?
True
Is 38611717 composite?
True
Is 60368068327 composite?
True
Is 23535430757 a prime number?
False
Is 8356035839 composite?
False
Is 1079157851 a prime number?
True
Is 101022827 a composite number?
True
Is 47484730481 a prime number?
False
Is 31832509949 a composite number?
True
Is 2352556253 a prime number?
True
Is 42998669399 a composite number?
True
Is 372227762 a composite number?
True
Is 6000611803 a prime number?
False
Is 4426999693 a prime number?
True
Is 154045051 a composite number?
True
Is 325862962813 a composite number?
False
Is 128134519 a prime number?
True
Is 53657889071 a prime number?
False
Is 811923967 a prime number?
False
Is 61146561731 prime?
True
Is 6392561515 a prime number?
False
Is 7694483987 a composite number?
False
Is 408190488377 a prime number?
False
Is 5675977609 prime?
False
Is 273485207 composite?
False
Is 136650577 a prime number?
False
Is 308269637 a composite number?
True
Is 1590573821 composite?
False
Is 1834067591 a prime number?
True
Is 200604721 prime?
False
Is 812073163 a prime number?
False
Is 485840827 composite?
False
Is 270411347 a composite number?
True
Is 63073069 composite?
True
Is 15880949705 a prime number?
False
Is 467209807 a composite number?
True
Is 3240277381 a composite number?
True
Is 1746197797 composite?
False
Is 156571517 a prime number?
True
Is 399475411 composite?
False
Is 41376690335 prime?
False
Is 15040694873 composite?
False
Is 2722035683 a prime number?
False
Is 9407831647 composite?
False
Is 81049602719 a composite number?
False
Is 16826675323 prime?
True
Is 54320806447 prime?
False
Is 2039973617 a composite number?
True
Is 4050461801 a prime number?
True
Is 72557833 a prime number?
True
Is 195120995 a prime number?
False
Is 726425057 composite?
True
Is 14977370623 composite?
True
Is 549398071 a prime number?
False
Is 1024368469 a composite number?
True
Is 322552603 prime?
False
Is 4078611091 a prime number?
False
Is 3582640543 a prime number?
True
Is 324189907 a composite number?
True
Is 7307021963 composite?
False
Is 1799894761 composite?
True
Is 3359192377 prime?
True
Is 13598782363 prime?
True
Is 74126596811 composite?
False
Is 38031546769 composite?
True
Is 2630064253 composite?
False
Is 468359041 a composite number?
False
Is 45567975521 a prime number?
False
Is 2710984519 prime?
False
Is 347264429 composite?
False
Is 5252661343 a composite number?
True
Is 776068702 a composite number?
True
Is 18639949 a prime number?
True
Is 12675808729 a composite number?
False
Is 413294591 a composite number?
False
Is 31058153341 a prime number?
False
Is 41848486529 composite?
True
Is 44129767361 a prime number?
Fal